= 79 + 6*u + 55*u + u. List the prime factors of z(4).
3, 109
Let t(k) = k**2 + 6*k + 4. Let f be t(-4). Let q(n) = n**2 + 5*n + 6. Let z be q(f). What are the prime factors of 0 - (z/2 - 66)?
5, 13
Suppose 102320 = 2*a + 74*h - 70*h, a - 51196 = 4*h. List the prime factors of a.
2, 11, 1163
Let j(d) = 463*d + 5. Let y(a) = 1851*a + 18. Let k(v) = -15*j(v) + 4*y(v). List the prime factors of k(1).
2, 3, 19
Let o be (-2 - (-662 + -4))*-1. Let k = o - -1694. What are the prime factors of k?
2, 5, 103
Suppose -d + j + 1 = 5*j, 29 = 5*d - 4*j. Suppose 0 = 4*x + 3*w - 468, -d*w - 20 = x - 137. What are the prime factors of x?
3, 13
Let y be -7 - -22 - (0 + 0)*1. Suppose 2*w - 61 = -5*u, u - 4*u + y = 0. Suppose w*q - 16*q - 4 = 0. What are the prime factors of q?
2
Let g be -1*(-6)/(-21) + (-328)/28. Let y be g + (16/(-28))/((-1)/7). List the prime factors of (3 + 111/9)/(y/(-36)).
3, 23
Let i be (-1)/((-5)/24) + 124/(-155). Suppose -2*k + 487 + 141 = -x, 2*k + i*x = 638. List the prime factors of k.
3, 5, 7
Let a = -48 + 48. Suppose a*m - 4*m = 2*q - 1544, -3*m - 2*q = -1157. List the prime factors of m.
3, 43
Let w(z) = -332*z - 24. Let v be w(-1). Let f = v - 302. What are the prime factors of f?
2, 3
Let b(d) = 1039*d**2 + 971*d - 5794. What are the prime factors of b(6)?
2, 7, 191
Suppose -12 = -2*v + 28. Let h be 47/(-1 - (-24)/v). Suppose h = 5*o + 25. What are the prime factors of o?
2, 3, 7
Let a(w) be the third derivative of 77*w**5/12 - w**4/3 + w**3 + 42*w**2. What are the prime factors of a(1)?
383
Let q(n) = -6*n**3 - 4*n**2 + 4*n - 6. Let o be q(3). Let r be (-3 - 18/(-12))/((-2)/o). Let j = r + 239. List the prime factors of j.
5, 19
Suppose -5*p + 2*u = -58456, -35061 = -3*p - 5*u + 2*u. List the prime factors of p.
2, 5, 7, 167
Let f be 0/(1 + -4 + 1). Suppose 3*a + 5 = -f*b - 4*b, 0 = 3*a + 5*b + 10. Suppose 0 = a*s + 171 - 971. List the prime factors of s.
2, 5
List the prime factors of (((-20)/(-6))/(1/26670*10))/2.
5, 7, 127
Let f(x) = -3*x**3 - 9*x**2 - 79*x + 20. Let z be f(16). List the prime factors of -1 + (-7)/(-35) + z/(-20).
7, 113
Let l = 7 + -3. Suppose -o - 8 = -4*d, -3*d + 0 = l*o - 25. Suppose 0 = o*j - 8, j + 246 = 4*f - 2*j. List the prime factors of f.
3, 7
Suppose 72*r + 86012 - 771149 = 541455. List the prime factors of r.
2, 4259
Let i(n) = 1666*n**2 - 14*n + 77. List the prime factors of i(4).
7, 37, 103
Let s = 25 - 29. Let v(g) = -63*g + 10. Let f be v(s). Let q = f - 98. List the prime factors of q.
2, 41
Suppose 549*n - 273*n - 301*n + 1138225 = 0. List the prime factors of n.
11, 4139
Let h(t) = 12*t**2 - 2*t + 2. Let j(o) = 5 + o - 22 + 9 - 13*o**2 + 6. Let i(f) = 3*h(f) + 2*j(f). What are the prime factors of i(4)?
2, 73
Let m be -179*(2 - 1) - (0 - -1). Let q = m + 471. Let v = 417 - q. List the prime factors of v.
2, 3, 7
Let y(c) be the second derivative of c**4/3 - c**3 - c**2 - 35*c - 5. Suppose 0 = -3*t - 3 - 9. List the prime factors of y(t).
2, 43
Suppose 0*o + 16 = 4*o. Suppose -o*c + 9 = -5*k, 0*k - 11 = 4*c - k. What are the prime factors of (-10)/c*(-60)/(-75)?
2
Suppose 0 = 10*d - 1539 - 5651. Let q = d + -76. List the prime factors of q.
643
Let s be 25/5*(0 + (-1264)/20). Let q = -141 - s. List the prime factors of q.
5, 7
Suppose -77*w + 78*w = 648. Suppose 185*d + w = 193*d. List the prime factors of d.
3
Let p be ((3936/(-15))/4)/(5/(-250)). Suppose 0*h = h + 3, p = 2*b + 4*h. What are the prime factors of b?
2, 823
Let d(u) = -645*u - 780. What are the prime factors of d(-54)?
2, 3, 5, 227
Suppose 966 = -5*q + 1886. Let w = q - -304. List the prime factors of w.
2, 61
Suppose 38843 - 5443 = 11*o - 8609. List the prime factors of o.
3, 19, 67
What are the prime factors of -5 + 5 - (-63480)/(-1 + -3)*-2?
2, 3, 5, 23
Let b = 1 + -51. Let z(o) = -o**3 + 6*o**2 - 3*o - 1. Let s be z(6). Let r = s - b. What are the prime factors of r?
31
Let k(u) = 3*u**2 - 23*u - 2142. List the prime factors of k(71).
2, 2837
Suppose -u + 4*c + 16 = -5, u - 27 = 2*c. Suppose 4*d = u + 7. Suppose -3*q + 2 = 5*l - d, 2*l = -6. List the prime factors of q.
3
Let o = -12 + 3. Let w be (-2)/o + (-4318)/(-9). Suppose 6*a - w = -6. What are the prime factors of a?
79
Let x(b) = -26*b + 2951. List the prime factors of x(-17).
3, 13, 29
Let i(a) = 26930*a**2 - 267*a - 267. List the prime factors of i(-1).
2, 5, 2693
Let q be 392*((-2)/12 + 76/(-12)). List the prime factors of (-14)/(-63) + q/(-36).
71
Suppose -2*r = -4*i + 2*i - 22, 2*i = -8. Suppose 18*m - 14839 = r*m. List the prime factors of m.
19, 71
Suppose 42*s - 47*s = -25. Suppose -10*b + s*t = -5*b - 110, -3*b = 2*t - 91. Suppose -f = -282 + b. List the prime factors of f.
3, 5, 17
Let b(c) = c**3 - 11*c**2 + c + 29. Suppose 47 = 10*z - 73. List the prime factors of b(z).
5, 37
Let h = -108903 - -177401. List the prime factors of h.
2, 29, 1181
Suppose -9*o = -8*o + 4. Let z be 9/(-12) - 19/o. Suppose -4*w - z*b + 196 = 0, b = w - 51 - 8. List the prime factors of w.
2, 3
Suppose -2*b + 2*g = 85 + 69, -314 = 4*b + 2*g. List the prime factors of (-38598)/b - ((-185)/(-65) + -3).
3, 5, 11
Let z = 3135 - 1869. Suppose 5*k = -23*i + 20*i + 1899, 2*i = 4*k + z. What are the prime factors of i?
3, 211
Suppose 744*y = 733*y + 46475. What are the prime factors of y?
5, 13
Let s(m) be the first derivative of -5*m**2/2 + 39*m - 138. Let n be 1*0/1 + -20. List the prime factors of s(n).
139
Let s(d) = -d**3 + 2*d**2 + 14*d - 12. Let g be s(9). Let q be g/(-7) - ((-48)/(-42))/(-4). What are the prime factors of (-55)/(-2) + (q/(-10) - -6)?
3
Let x = 32 - 31. Let w(z) = -149*z**2 + 1. Let d be w(x). Let r = -93 - d. What are the prime factors of r?
5, 11
Suppose 0 = 12*r - 10*r - 6. Suppose 2*g = -2*m - r*m - 125, -295 = 4*g + m. Let y = -43 - g. List the prime factors of y.
2
List the prime factors of (173097/6)/(((-5)/65)/((-10)/65)).
3, 2137
Suppose 4*m - 42 = -10*m. Let l(u) = 10*u**3 + u**2 - 1. List the prime factors of l(m).
2, 139
Let k(d) = -769*d - 2445. What are the prime factors of k(-64)?
46771
Let b(n) = 1397*n**2 - 935*n - 2820. What are the prime factors of b(-3)?
2, 3, 7, 13, 23
Let z = 44 - -165. Suppose -12*c + 7925 - z = 0. What are the prime factors of c?
643
Let a = -256 + 239. Suppose -4*o + 2*l = 4, 0 = -4*o + 5*l - 1 + 3. List the prime factors of (-210)/o + (a - -17).
3, 5, 7
Let i(y) = 99*y - 151. Let b(o) = o**3 - 5*o**2 + 7*o - 3. Let h be b(4). List the prime factors of i(h).
2, 5, 37
Let l = -6880 - -14419. List the prime factors of l.
3, 7, 359
Let h(l) = -10*l**3 + l**2 - 8*l + 4. Let y(g) = -5*g**3 + g**2 - 4*g + 2. Let q(x) = -2*h(x) + 5*y(x). List the prime factors of q(-4).
2, 193
Let i(u) = 8*u + 15. Let b be i(-5). Let q = b - -29. Suppose -3*l = 4*x + l - 908, q*l = 5*x - 1162. What are the prime factors of x?
2, 5, 23
Let r(p) = 95*p**2 - 134*p - 7. What are the prime factors of r(-6)?
4217
Suppose -16551 = -12*f + 46941. What are the prime factors of f?
11, 13, 37
Let w(n) = -n**2 + 28*n - 56. Let h be w(19). Let b = 1327 + h. What are the prime factors of b?
2, 7, 103
What are the prime factors of (-5)/(-2*(-8)/(-9264))?
3, 5, 193
Suppose -1518 = -2*l - l - 3*r, 5*r + 1502 = 3*l. Let m = l - 306. Suppose m = 9*b - 6*b. List the prime factors of b.
2, 3, 11
Let y = 2414 + -2470. Let d be 14*7 + -1*1. Let l = y + d. List the prime factors of l.
41
Let w(x) = -x**3 + 5*x**2 - 3*x - 4. Suppose 2 + 18 = 5*l. Let z be w(l). Suppose z = -5*u + 11 + 349. What are the prime factors of u?
2, 3
Let k = -211 + 213. Suppose 2*t = 4*t. Suppose k*l + 2*s - 50 = t, 2*s - 71 = -0*l - 3*l. What are the prime factors of l?
3, 7
Let f = 89583 - 33092. What are the prime factors of f?
17, 3323
Let q(l) = 14*l**3 - 186*l**2 + 16*l + 60. What are the prime factors of q(15)?
2, 3, 5, 19
Suppose -27*t = 18*t - 225. Suppose -2*a + 2*v - 4 = 0, 5*a + 11 - 3 = 4*v. Suppose 0 = -4*p - a*l + l + 258, 3*p = -t*l + 182. List the prime factors of p.
2
Suppose -182*w = -179*w + 1359. Let y = 656 + w. List the prime factors of y.
7, 29
What are the prime factors of (-30 + 15 - -18) + 11209?
2, 2803
Let n(o) = -9*o + 19 + 0*o + 106 + 36. What are the prime factors of n(-39)?
2
Let x(r) = 74*r - 16*r - 64 + 17*r + 39*r. List the prime factors of x(11).
2